is the hundreds digit of 461?
4
What is the tens digit of 23623?
2
What is the hundreds digit of 29521?
5
What is the hundreds digit of 14161?
1
What is the ten thousands digit of 50796?
5
What is the tens digit of 7009?
0
What is the hundreds digit of 39491?
4
What is the thousands digit of 2257?
2
What is the tens digit of 30693?
9
What is the ten thousands digit of 35110?
3
What is the tens digit of 2947?
4
What is the units digit of 1528?
8
What is the tens digit of 1248?
4
What is the thousands digit of 1494?
1
What is the hundreds digit of 218?
2
What is the hundreds digit of 7684?
6
What is the units digit of 4114?
4
What is the tens digit of 11144?
4
What is the units digit of 4094?
4
What is the tens digit of 349?
4
What is the hundreds digit of 25418?
4
What is the hundreds digit of 1992?
9
What is the tens digit of 2085?
8
What is the hundreds digit of 4063?
0
What is the units digit of 37909?
9
What is the units digit of 89?
9
What is the tens digit of 1500?
0
What is the units digit of 730?
0
What is the units digit of 132?
2
What is the thousands digit of 16962?
6
What is the thousands digit of 86078?
6
What is the hundreds digit of 5598?
5
What is the tens digit of 56837?
3
What is the thousands digit of 52051?
2
What is the thousands digit of 116319?
6
What is the units digit of 9190?
0
What is the units digit of 62576?
6
What is the hundreds digit of 9553?
5
What is the hundreds digit of 40069?
0
What is the units digit of 3959?
9
What is the hundreds digit of 59692?
6
What is the ten thousands digit of 74100?
7
What is the units digit of 245?
5
What is the hundreds digit of 2883?
8
What is the ten thousands digit of 17553?
1
What is the units digit of 271?
1
What is the units digit of 1020?
0
What is the hundreds digit of 715?
7
What is the hundreds digit of 2255?
2
What is the thousands digit of 13121?
3
What is the hundreds digit of 4225?
2
What is the tens digit of 133417?
1
What is the hundreds digit of 902?
9
What is the hundreds digit of 5113?
1
What is the hundreds digit of 3452?
4
What is the hundreds digit of 15134?
1
What is the tens digit of 129?
2
What is the hundreds digit of 9557?
5
What is the units digit of 18047?
7
What is the tens digit of 491?
9
What is the hundreds digit of 134317?
3
What is the tens digit of 66488?
8
What is the units digit of 536?
6
What is the units digit of 1673?
3
What is the units digit of 3109?
9
What is the units digit of 1563?
3
What is the units digit of 6967?
7
What is the units digit of 13587?
7
What is the units digit of 29134?
4
What is the tens digit of 1282?
8
What is the units digit of 3143?
3
What is the units digit of 897?
7
What is the ten thousands digit of 18680?
1
What is the units digit of 113906?
6
What is the tens digit of 3976?
7
What is the ten thousands digit of 16895?
1
What is the tens digit of 9309?
0
What is the thousands digit of 15150?
5
What is the units digit of 37961?
1
What is the tens digit of 1471?
7
What is the hundreds digit of 1337?
3
What is the hundreds digit of 1066?
0
What is the hundreds digit of 162?
1
What is the units digit of 39648?
8
What is the units digit of 10769?
9
What is the tens digit of 2245?
4
What is the hundreds digit of 39758?
7
What is the thousands digit of 2490?
2
What is the thousands digit of 1253?
1
What is the units digit of 7245?
5
What is the units digit of 335?
5
What is the tens digit of 1205?
0
What is the hundreds digit of 2146?
1
What is the tens digit of 8803?
0
What is the hundreds digit of 5173?
1
What is the hundreds digit of 5239?
2
What is the units digit of 323?
3
What is the units digit of 3016?
6
What is the hundreds digit of 7970?
9
What is the tens digit of 668?
6
What is the hundreds digit of 1232?
2
What is the tens digit of 14335?
3
What is the hundreds digit of 107132?
1
What is the thousands digit of 14767?
4
What is the tens digit of 1451?
5
What is the tens digit of 101687?
8
What is the thousands digit of 2886?
2
What is the hundreds digit of 2452?
4
What is the thousands digit of 7240?
7
What is the thousands digit of 65215?
5
What is the tens digit of 3759?
5
What is the tens digit of 4337?
3
What is the hundreds digit of 9526?
5
What is the tens digit of 524?
2
What is the units digit of 13807?
7
What is the hundreds digit of 7490?
4
What is the thousands digit of 23543?
3
What is the hundreds digit of 2478?
4
What is the units digit of 1001?
1
What is the units digit of 47448?
8
What is the thousands digit of 1747?
1
What is the tens digit of 18336?
3
What is the units digit of 29065?
5
What is the units digit of 40811?
1
What is the tens digit of 194?
9
What is the units digit of 11453?
3
What is the ten thousands digit of 74007?
7
What is the tens digit of 8299?
9
What is the tens digit of 1769?
6
What is the tens digit of 2012?
1
What is the units digit of 5604?
4
What is the units digit of 1243?
3
What is the thousands digit of 60332?
0
What is the hundreds digit of 68648?
6
What is the thousands digit of 1438?
1
What is the tens digit of 43078?
7
What is the tens digit of 1254?
5
What is the units digit of 15481?
1
What is the ten thousands digit of 57682?
5
What is the units digit of 1764?
4
What is the ten thousands digit of 12235?
1
What is the tens digit of 186940?
4
What is the units digit of 64520?
0
What is the hundreds digit of 1129?
1
What is the ten thousands digit of 52755?
5
What is the tens digit of 311?
1
What is the hundreds digit of 213?
2
What is the thousands digit of 1363?
1
What is the thousands digit of 92405?
2
What is the thousands digit of 1474?
1
What is the units digit of 369?
9
What is the hundreds digit of 147314?
3
What is the hundreds digit of 2841?
8
What is the tens digit of 15964?
6
What is the units digit of 954?
4
What is the tens digit of 73060?
6
What is the hundreds digit of 11382?
3
What is the hundreds digit of 1925?
9
What is the hundreds digit of 1102?
1
What is the hundreds digit of 4248?
2
What is the tens digit of 2693?
9
What is the hundreds digit of 865?
8
What is the hundreds digit of 958?
9
What is the units digit of 161?
1
What is the tens digit of 4727?
2
What is the hundreds digit of 3197?
1
What is the hundreds digit of 1161?
1
What is the hundreds digit of 7768?
7
What is the thousands digit of 4207?
4
What is the units digit of 650?
0
What is the hundreds digit of 816?
8
What is the thousands digit of 8836?
8
What is the thousands digit of 9202?
9
What is the units digit of 35250?
0
What is the thousands digit of 2306?
2
What is the ten thousands digit of 24499?
2
What is the hundreds digit of 812?
8
What is the tens digit of 18303?
0
What is the hundreds digit of 1578?
5
What is the ten thousands digit of 89798?
8
What is the ten thousands digit of 21299?
2
What is the units digit of 732?
2
What is the hundreds digit of 933?
9
What is the hundreds digit of 12390?
3
What is the hundreds digit of 6254?
2
What is the tens digit of 1966?
6
What is the ten thousands digit of 124483?
2
What is the tens digit of 37734?
3
What is the hundreds digit of 6509?
5
What is the hundreds digit of 922?
9
What is the hundreds digit of 5984?
9
What is the tens digit of 2627?
2
What is the units digit of 7755?
5
What is the units digit of 23974?
4
What is the thousands digit of 8296?
8
What is the units digit of 4469?
9
What is the hundreds digit of 14642?
6
What is the tens digit of 3099?
9
What is the tens digit of 167?
6
What is the ten thousands digit of 72869?
7
What is the hundreds digit of 8863?
8
What is the units digit of 20292?
2
What is the ten thousands digit of 30025?
3
What is the units digit of 153738?
8
What is the tens digit of 738?
3
What is the hundreds digit of 2852?
8
What is the thousands digit of 16334?
6
What is the units digit of 18399?
9
What is the units digit of 5313?
3
What is the hundreds digit of 3240?
2
What is the units digit of 34964?
4
What is the hundreds digit of 11812?
8
What is the units digit of 372?
2
What is the thousands digit of 11520?
1
What is the units digit of 9591?
1
What is the hundreds digit of 28887?
8
What is the tens digit of 531?
3
What is the tens digit of 3040?
4
What is the units digit of 298?
8
What is the ten thousands digit of 45907?
4
What is the units digit of 1477?
7
What is the t